the remainder when 143737376 is divided by 547.
545
What is the remainder when 935876 is divided by 498?
134
What is the remainder when 140424 is divided by 1264?
120
What is the remainder when 1447639 is divided by 1447605?
34
Calculate the remainder when 11678504 is divided by 5839245.
14
What is the remainder when 55574781 is divided by 31?
27
What is the remainder when 9317 is divided by 1936?
1573
What is the remainder when 717745 is divided by 131?
127
What is the remainder when 68781950 is divided by 4852?
4850
Calculate the remainder when 88580 is divided by 1361.
115
Calculate the remainder when 411514 is divided by 1439.
1399
What is the remainder when 1286251 is divided by 31362?
409
What is the remainder when 2343222 is divided by 30?
12
What is the remainder when 15696852 is divided by 121?
6
What is the remainder when 81935 is divided by 636?
527
What is the remainder when 166263 is divided by 665?
13
What is the remainder when 3875795 is divided by 3875776?
19
What is the remainder when 235436183 is divided by 6553?
6552
What is the remainder when 18949 is divided by 444?
301
Calculate the remainder when 713386 is divided by 140.
86
What is the remainder when 221623036 is divided by 40?
36
What is the remainder when 135916 is divided by 2662?
154
What is the remainder when 2834176 is divided by 210?
16
Calculate the remainder when 810856 is divided by 1182.
4
Calculate the remainder when 2374813 is divided by 50.
13
Calculate the remainder when 2936427 is divided by 13851.
15
What is the remainder when 4322322 is divided by 672?
18
What is the remainder when 59600 is divided by 19579?
863
Calculate the remainder when 183613 is divided by 543.
79
Calculate the remainder when 985636 is divided by 313.
312
Calculate the remainder when 7748068 is divided by 801.
796
Calculate the remainder when 337233 is divided by 15916.
2997
What is the remainder when 5837669 is divided by 18?
17
Calculate the remainder when 13363904 is divided by 2094.
2090
What is the remainder when 13298275 is divided by 322?
319
Calculate the remainder when 905950 is divided by 230.
210
Calculate the remainder when 15000477 is divided by 99.
96
What is the remainder when 12762076 is divided by 495?
481
Calculate the remainder when 325098 is divided by 6502.
6500
What is the remainder when 4783158 is divided by 5040?
198
Calculate the remainder when 34372 is divided by 10717.
2221
What is the remainder when 106255210 is divided by 3614?
3610
Calculate the remainder when 141915909 is divided by 350.
9
What is the remainder when 4403049 is divided by 2201518?
13
Calculate the remainder when 85460 is divided by 8236.
3100
Calculate the remainder when 18966979 is divided by 3.
1
Calculate the remainder when 9197383 is divided by 2299308.
151
What is the remainder when 57897717 is divided by 40?
37
What is the remainder when 383117 is divided by 27361?
63
Calculate the remainder when 24937 is divided by 1426.
695
Calculate the remainder when 76370713 is divided by 2621.
15
What is the remainder when 1240873 is divided by 21394?
21
Calculate the remainder when 160580 is divided by 929.
792
What is the remainder when 2200329 is divided by 53666?
23
What is the remainder when 537577 is divided by 1226?
589
What is the remainder when 24732808 is divided by 90?
88
What is the remainder when 15149 is divided by 13270?
1879
Calculate the remainder when 6756441 is divided by 6374.
1
What is the remainder when 374267 is divided by 187012?
243
What is the remainder when 80877 is divided by 4059?
3756
What is the remainder when 2195332 is divided by 64?
4
What is the remainder when 48890724 is divided by 48890713?
11
Calculate the remainder when 54795189 is divided by 158.
157
Calculate the remainder when 9630224 is divided by 3634.
124
What is the remainder when 5612384 is divided by 45?
29
Calculate the remainder when 5676290 is divided by 8653.
8575
Calculate the remainder when 4720767 is divided by 52.
51
What is the remainder when 40362372 is divided by 2380?
2332
Calculate the remainder when 4707765 is divided by 948.
945
Calculate the remainder when 465280 is divided by 1337.
4
What is the remainder when 893085 is divided by 215?
190
What is the remainder when 7923574 is divided by 20634?
118
What is the remainder when 356474 is divided by 1496?
426
Calculate the remainder when 427406 is divided by 20347.
119
What is the remainder when 175833 is divided by 208?
73
Calculate the remainder when 263204374 is divided by 3987945.
4
What is the remainder when 441244971 is divided by 1018?
1015
What is the remainder when 837928 is divided by 1008?
280
What is the remainder when 32313437 is divided by 82643?
24
Calculate the remainder when 42012988 is divided by 6540.
28
What is the remainder when 203739606 is divided by 8?
6
What is the remainder when 1204120 is divided by 4285?
35
Calculate the remainder when 214543 is divided by 839.
598
What is the remainder when 931757 is divided by 398?
39
What is the remainder when 3327725 is divided by 3452?
3449
What is the remainder when 635073 is divided by 619?
598
What is the remainder when 4970834 is divided by 574?
568
What is the remainder when 363396 is divided by 113?
101
What is the remainder when 4168073 is divided by 1389355?
8
Calculate the remainder when 36529 is divided by 34019.
2510
What is the remainder when 30328945 is divided by 79813?
5
What is the remainder when 361427 is divided by 2290?
1897
Calculate the remainder when 10478834 is divided by 16171.
26
Calculate the remainder when 3453506 is divided by 83.
42
Calculate the remainder when 50324 is divided by 51.
38
Calculate the remainder when 320100 is divided by 3020.
3000
What is the remainder when 418094957 is divided by 4190?
4187
What is the remainder when 5811 is divided by 566?
151
What is the remainder when 1362135 is divided by 443?
353
What is the remainder when 204732 is divided by 99315?
6102
What is the remainder when 3254471 is divided by 5?
1
What is the remainder when 412486 is divided by 58874?
368
What is the remainder when 1015255 is divided by 35004?
139
What is the remainder when 110978 is divided by 13746?
1010
What is the remainder when 5403304 is divided by 227?
23
What is the remainder when 94682 is divided by 47331?
20
Calculate the remainder when 298277 is divided by 11043.
116
What is the remainder when 540058 is divided by 2121?
1324
What is the remainder when 116774 is divided by 1668?
14
Calculate the remainder when 87008 is divided by 1037.
937
Calculate the remainder when 5812842 is divided by 196.
70
Calculate the remainder when 696075 is divided by 348034.
7
What is the remainder when 100518657 is divided by 5548?
5541
Calculate the remainder when 2039923 is divided by 1455.
13
What is the remainder when 59672643 is divided by 59672637?
6
Calculate the remainder when 22362485 is divided by 23.
22
Calculate the remainder when 132319 is divided by 590.
159
What is the remainder when 360543684 is divided by 3468?
0
Calculate the remainder when 11845491 is divided by 666.
15
What is the remainder when 161169 is divided by 351?
60
What is the remainder when 4082628 is divided by 181?
173
What is the remainder when 34253687 is divided by 164?
155
Calculate the remainder when 17398202 is divided by 55.
52
What is the remainder when 215973 is divided by 16592?
277
Calculate the remainder when 780345 is divided by 467.
455
Calculate the remainder when 7994145 is divided by 2887.
42
Calculate the remainder when 7605082 is divided by 1180.
1162
What is the remainder when 1537628 is divided by 99?
59
What is the remainder when 151417392 is divided by 211?
205
What is the remainder when 72673124 is divided by 875?
874
What is the remainder when 3240549 is divided by 88?
37
Calculate the remainder when 334511 is divided by 740.
31
Calculate the remainder when 94360318 is divided by 960.
958
Calculate the remainder when 22714129 is divided by 108680.
9
What is the remainder when 3212339 is divided by 66?
53
Calculate the remainder when 204620 is divided by 25389.
1508
Calculate the remainder when 642843 is divided by 160703.
31
Calculate the remainder when 37658 is divided by 214.
208
Calculate the remainder when 1230039 is divided by 73